{"id":2470,"date":"2020-11-09T21:03:18","date_gmt":"2020-11-09T21:03:18","guid":{"rendered":"https:\/\/www.fine-europe.eu\/?page_id=2470"},"modified":"2020-11-09T21:03:19","modified_gmt":"2020-11-09T21:03:19","slug":"montserrat-teixidor-2","status":"publish","type":"page","link":"https:\/\/www.fine-europe.eu\/?page_id=2470","title":{"rendered":"Montserrat Teixidor"},"content":{"rendered":"\n[et_pb_section fb_built=&#8221;1&#8243; _builder_version=&#8221;4.0.4&#8243;][et_pb_row column_structure=&#8221;2_5,3_5&#8243; _builder_version=&#8221;4.0.4&#8243;][et_pb_column type=&#8221;2_5&#8243; _builder_version=&#8221;4.0.4&#8243;][et_pb_image src=&#8221;https:\/\/www.fine-europe.eu\/wp-content\/uploads\/2020\/11\/thumbnail_IMG_2185-e1604954562347.jpg&#8221; title_text=&#8221;thumbnail_IMG_2185&#8243; align=&#8221;center&#8221; _builder_version=&#8221;4.6.5&#8243; hover_enabled=&#8221;0&#8243; sticky_enabled=&#8221;0&#8243;][\/et_pb_image][et_pb_text _builder_version=&#8221;4.6.5&#8243; hover_enabled=&#8221;0&#8243; sticky_enabled=&#8221;0&#8243;]<p style=\"text-align: center;\"><b>MONTSERRAT TEIXIDOR<\/b><\/p>\n[\/et_pb_text][et_pb_image src=&#8221;https:\/\/www.fine-europe.eu\/wp-content\/uploads\/2020\/11\/Flag_of_Spain_Under_Franco_1936_1938-1.png&#8221; title_text=&#8221;Flag_of_Spain_Under_Franco_1936_1938&#8243; _builder_version=&#8221;4.6.5&#8243; width=&#8221;30%&#8221; module_alignment=&#8221;center&#8221; height=&#8221;80px&#8221; hover_enabled=&#8221;0&#8243; sticky_enabled=&#8221;0&#8243;][\/et_pb_image][\/et_pb_column][et_pb_column type=&#8221;3_5&#8243; _builder_version=&#8221;4.0.4&#8243;][et_pb_text _builder_version=&#8221;4.6.5&#8243; hover_enabled=&#8221;0&#8243; sticky_enabled=&#8221;0&#8243;]<p><strong>Montserrat Teixidor Freixa, FAAN<\/strong><\/p>\n<p>Montserrat a \u00e9t\u00e9 form\u00e9e \u00e0 l&#8217;\u00e9cole d&#8217;infirmi\u00e8res de Santa Madrona et \u00e0 l&#8217;universit\u00e9 de m\u00e9decine. Elle poss\u00e8de un dipl\u00f4me en gestion de l&#8217;Institut d&#8217;enseignement sup\u00e9rieur, commerce de l&#8217;universit\u00e9 de Navarre, une licence en anthropologie sociale et culturelle, un master en gestion des services infirmiers (2004) et une ma\u00eetrise en gestion et leadership (2007) de l&#8217;universit\u00e9 de Barcelone. Elle termine son doctorat (sciences infirmi\u00e8res) \u00e0 l&#8217;universit\u00e9 de G\u00e9rone.<\/p>\n<p>Elle a travaill\u00e9 comme infirmi\u00e8re au bloc op\u00e9ratoire, elle a \u00e9galement enseign\u00e9 dans des \u00e9coles d&#8217;infirmi\u00e8res et a lanc\u00e9 un centre de sant\u00e9 de haute technologie.<\/p>\n<p>Elle est membre du conseil consultatif du Cercle de la sant\u00e9 de Catalogne, et pr\u00e9sidente de la Fondation des soins infirmiers et de la soci\u00e9t\u00e9 du COIB. Elle a \u00e9t\u00e9 identifi\u00e9e en 2010 \u00e0 Washington comme membre de l&#8217;Acad\u00e9mie am\u00e9ricaine des soins infirmiers FAAN.<\/p>\n<p>Elle a \u00e9t\u00e9 doyenne du Conseil des \u00e9coles d&#8217;infirmi\u00e8res de Catalogne (2011-2015), membre du Comit\u00e9 directeur de Cat Health, du Conseil consultatif de la sant\u00e9 au D\u00e9partement de la sant\u00e9 de la Generalitat de Catalogne (2011-2015), membre du Conseil consultatif d&#8217;AQUAS (2011-2017), membre du Conseil consultatif de l&#8217;Institut Catal\u00e0 de la Salut, et vice-pr\u00e9sidente du conseil d&#8217;administration de PRAQSI Europe.<\/p>\n<p>En tant que directrice de l&#8217;\u00e9cole d&#8217;infirmi\u00e8res de Santa Madrona (1987-2010), elle a professionnalis\u00e9 le r\u00f4le des infirmi\u00e8res en cr\u00e9ant le premier programme de master d&#8217;Espagne. Ce programme a introduit de nombreuses innovations dans la pratique et l&#8217;enseignement des soins infirmiers, y compris la th\u00e9orie et la recherche, et a fourni des connaissances \u00e0 plus d&#8217;un millier de dipl\u00f4m\u00e9s.<\/p>\n<p>Montserrat Teixidor s&#8217;est constamment concentr\u00e9e et consacr\u00e9e \u00e0 mettre en \u0153uvre le r\u00f4le autonome, l&#8217;humanisation des soins et \u00e0 professionnaliser les soins infirmiers. Elle a d\u00e9velopp\u00e9 les actions du d\u00e9f\u00e9rent, pour mettre l&#8217;accent sur l&#8217;\u00e9ducation et pour implanter un projet visant \u00e0 int\u00e9rioriser la pens\u00e9e infirmi\u00e8re, le processus de soins et les valeurs humaines afin de &#8220;professionnaliser&#8221; tous les infirmiers qui travaillent dans les centres de soins primaires de l&#8217;Institut Catalan de la Sant\u00e9. Ce projet a permis de d\u00e9velopper des comp\u00e9tences, des agents de changement, 240 professionnels et d&#8217;\u00e9tendre le projet \u00e0 l&#8217;ensemble du r\u00e9seau de soins.<\/p>\n<p>Elle a particip\u00e9 en tant que responsable de trois programmes du projet Leonardo da Vinci de l&#8217;Union europ\u00e9enne (UE) qui a \u00e9tabli des comp\u00e9tences pour les dirigeants et le personnel infirmier, cr\u00e9ant ainsi une base pour la r\u00e9forme de l&#8217;\u00e9ducation et de la pratique, et des comp\u00e9tences pour les formateurs en soins infirmiers.<\/p>\n<p>Elle est l&#8217;auteure d&#8217;articles et l&#8217;\u00e9diteur de nombreuses publications. Un autre effort de travail constant a \u00e9t\u00e9 la recherche en soins infirmiers. Il est important de souligner le travail effectu\u00e9 au Master of Business and Management of nursing care. Trois cents \u00e9tudes ont \u00e9t\u00e9 r\u00e9alis\u00e9es et il est possible d&#8217;en trouver un r\u00e9sum\u00e9 dans 4 publications sur &#8220;Recherche en entreprise et gestion des soins infirmiers&#8221;.<\/p>\n<p>Elle s&#8217;est largement impliqu\u00e9e sur la projection sociale des soins infirmiers. L&#8217;un des principaux r\u00e9sultats est la publication &#8220;Les infirmi\u00e8res au service des personnes&#8221;, en tant que pr\u00e9sident du Conseil consultatif des soins infirmiers du gouvernement de la Generalitat de Catalogne.<\/p>\n<p>Montserrat a re\u00e7u plusieurs prix, dont le HOMENOT AWARDS (2017), d\u00e9cern\u00e9 par la Fondation Avedis Donabedian, le prix pour une &#8220;trajectoire exemplaire&#8221; de l&#8217;Association des anciens \u00e9l\u00e8ves du Coll\u00e8ge d&#8217;infirmiers de Santa Madrona. Ils sont \u00e9galement r\u00e9compens\u00e9s par le prix de la meilleure trajectoire professionnelle d&#8217;infirmier, remis par le ministre de la Sant\u00e9, la m\u00e9daille d&#8217;or de l&#8217;Association catalane des infirmiers et le prix &#8220;Aprop teu&#8221; (2008) &#8211; Near you &#8211; d\u00e9cern\u00e9 par le Coll\u00e8ge professionnel des infirmiers de Barcelone, remis par le ministre de la Sant\u00e9.<\/p>\n[\/et_pb_text][\/et_pb_column][\/et_pb_row][\/et_pb_section]\n","protected":false},"excerpt":{"rendered":"<p>MONTSERRAT TEIXIDOR Montserrat Teixidor Freixa, FAAN Montserrat a \u00e9t\u00e9 form\u00e9e \u00e0 l&#8217;\u00e9cole d&#8217;infirmi\u00e8res de Santa Madrona et \u00e0 l&#8217;universit\u00e9 de m\u00e9decine. Elle poss\u00e8de un dipl\u00f4me en gestion de l&#8217;Institut d&#8217;enseignement sup\u00e9rieur, commerce de l&#8217;universit\u00e9 de Navarre, une licence en anthropologie sociale et culturelle, un master en gestion des services infirmiers (2004) et une ma\u00eetrise en [&hellip;]<\/p>\n","protected":false},"author":2,"featured_media":0,"parent":0,"menu_order":0,"comment_status":"closed","ping_status":"closed","template":"","meta":{"_et_pb_use_builder":"on","_et_pb_old_content":"","_et_gb_content_width":"","footnotes":""},"class_list":["post-2470","page","type-page","status-publish","hentry"],"_links":{"self":[{"href":"https:\/\/www.fine-europe.eu\/index.php?rest_route=\/wp\/v2\/pages\/2470","targetHints":{"allow":["GET"]}}],"collection":[{"href":"https:\/\/www.fine-europe.eu\/index.php?rest_route=\/wp\/v2\/pages"}],"about":[{"href":"https:\/\/www.fine-europe.eu\/index.php?rest_route=\/wp\/v2\/types\/page"}],"author":[{"embeddable":true,"href":"https:\/\/www.fine-europe.eu\/index.php?rest_route=\/wp\/v2\/users\/2"}],"replies":[{"embeddable":true,"href":"https:\/\/www.fine-europe.eu\/index.php?rest_route=%2Fwp%2Fv2%2Fcomments&post=2470"}],"version-history":[{"count":3,"href":"https:\/\/www.fine-europe.eu\/index.php?rest_route=\/wp\/v2\/pages\/2470\/revisions"}],"predecessor-version":[{"id":2478,"href":"https:\/\/www.fine-europe.eu\/index.php?rest_route=\/wp\/v2\/pages\/2470\/revisions\/2478"}],"wp:attachment":[{"href":"https:\/\/www.fine-europe.eu\/index.php?rest_route=%2Fwp%2Fv2%2Fmedia&parent=2470"}],"curies":[{"name":"wp","href":"https:\/\/api.w.org\/{rel}","templated":true}]}}