{"id":2385,"date":"2020-09-22T19:31:54","date_gmt":"2020-09-22T19:31:54","guid":{"rendered":"https:\/\/www.fine-europe.eu\/?page_id=2385"},"modified":"2020-09-22T19:33:13","modified_gmt":"2020-09-22T19:33:13","slug":"carol-hall","status":"publish","type":"page","link":"https:\/\/www.fine-europe.eu\/?page_id=2385","title":{"rendered":"Carol Hall"},"content":{"rendered":"\n[et_pb_section fb_built=&#8221;1&#8243; _builder_version=&#8221;4.0.4&#8243;][et_pb_row column_structure=&#8221;2_5,3_5&#8243; _builder_version=&#8221;4.0.4&#8243;][et_pb_column type=&#8221;2_5&#8243; _builder_version=&#8221;4.0.4&#8243;][et_pb_image src=&#8221;https:\/\/www.fine-europe.eu\/wp-content\/uploads\/2020\/09\/Capture-de\u0301cran-2020-09-22-a\u0300-20.50.19-e1600800880934.png&#8221; title_text=&#8221;Capture d\u2019e\u0301cran 2020-09-22 a\u0300 20.50.19&#8243; align=&#8221;center&#8221; _builder_version=&#8221;4.6.3&#8243; hover_enabled=&#8221;0&#8243; sticky_enabled=&#8221;0&#8243;][\/et_pb_image][et_pb_text _builder_version=&#8221;4.6.3&#8243; hover_enabled=&#8221;0&#8243; sticky_enabled=&#8221;0&#8243;]<p style=\"text-align: center;\"><b>CAROL HALL<\/b><\/p>\n[\/et_pb_text][et_pb_image src=&#8221;https:\/\/www.fine-europe.eu\/wp-content\/uploads\/2020\/09\/93180375.jpg&#8221; title_text=&#8221;93180375&#8243; _builder_version=&#8221;4.6.3&#8243; width=&#8221;30%&#8221; module_alignment=&#8221;center&#8221; height=&#8221;80px&#8221; hover_enabled=&#8221;0&#8243; sticky_enabled=&#8221;0&#8243;][\/et_pb_image][\/et_pb_column][et_pb_column type=&#8221;3_5&#8243; _builder_version=&#8221;4.0.4&#8243;][et_pb_text _builder_version=&#8221;4.6.3&#8243; hover_enabled=&#8221;0&#8243; sticky_enabled=&#8221;0&#8243;]<p>Le Dr Carol Hall est infirmi\u00e8re dipl\u00f4m\u00e9e et professeur en enseignement des soins infirmiers.<\/p>\n<p>Carol a une grande exp\u00e9rience de la conception, de la prestation et de l&#8217;assurance qualit\u00e9 de l&#8217;enseignement des sciences infirmi\u00e8res au Royaume-Uni et \u00e0 l&#8217;\u00e9tranger, en jouant un r\u00f4le dans l&#8217;\u00e9laboration, la validation et l&#8217;accr\u00e9ditation des programmes d&#8217;\u00e9tudes. En tant que pr\u00e9sidente du forum sur l&#8217;\u00e9ducation du Royal College of Nursing du Royaume-Uni (2006-2015) et vice-pr\u00e9sidente de la F\u00e9d\u00e9ration europ\u00e9enne des infirmi\u00e8res enseignantes (FINE 2012-2018), Carol a soutenu des travaux influents sur le d\u00e9veloppement de nouvelles comp\u00e9tences en mati\u00e8re de formation des infirmi\u00e8res dans le cadre de la directive europ\u00e9enne sur la reconnaissance mutuelle des qualifications professionnelles.<\/p>\n<p>Plus r\u00e9cemment, Carol a pr\u00e9sid\u00e9 le panel pilote de sujets pour la m\u00e9decine et les sciences de la sant\u00e9 et pour les soins infirmiers et les soins connexes dans le cadre de l&#8217;\u00e9laboration du cadre d&#8217;excellence de l&#8217;enseignement au Royaume-Uni (TEF 2018, 2019). Carol participe activement \u00e0 l&#8217;am\u00e9lioration de l&#8217;enseignement dans le domaine des soins infirmiers, notamment en dirigeant trois projets financ\u00e9s par la Commission europ\u00e9enne, en dirigeant l&#8217;\u00e9quipe britannique pour un autre projet et en tant qu&#8217;\u00e9valuatrice externe experte pour deux autres.<\/p>\n<p>Elle a re\u00e7u une bourse principale de la UK Higher Education Academy en novembre 2014 et a re\u00e7u un prix d&#8217;\u00e9quipe pour la collaboration dans l&#8217;excellence de l&#8217;enseignement (CATE Award) en 2018. Carol est actuellement directrice de l&#8217;engagement mondial et de l&#8217;exp\u00e9rience des \u00e9tudiants \u00e0 la Facult\u00e9 des sciences de la sant\u00e9 de l&#8217;Universit\u00e9 de Nottingham.<\/p>\n[\/et_pb_text][\/et_pb_column][\/et_pb_row][\/et_pb_section]\n","protected":false},"excerpt":{"rendered":"<p>CAROL HALL Le Dr Carol Hall est infirmi\u00e8re dipl\u00f4m\u00e9e et professeur en enseignement des soins infirmiers. Carol a une grande exp\u00e9rience de la conception, de la prestation et de l&#8217;assurance qualit\u00e9 de l&#8217;enseignement des sciences infirmi\u00e8res au Royaume-Uni et \u00e0 l&#8217;\u00e9tranger, en jouant un r\u00f4le dans l&#8217;\u00e9laboration, la validation et l&#8217;accr\u00e9ditation des programmes d&#8217;\u00e9tudes. En [&hellip;]<\/p>\n","protected":false},"author":2,"featured_media":0,"parent":0,"menu_order":0,"comment_status":"closed","ping_status":"closed","template":"","meta":{"_et_pb_use_builder":"on","_et_pb_old_content":"","_et_gb_content_width":"","footnotes":""},"class_list":["post-2385","page","type-page","status-publish","hentry"],"_links":{"self":[{"href":"https:\/\/www.fine-europe.eu\/index.php?rest_route=\/wp\/v2\/pages\/2385","targetHints":{"allow":["GET"]}}],"collection":[{"href":"https:\/\/www.fine-europe.eu\/index.php?rest_route=\/wp\/v2\/pages"}],"about":[{"href":"https:\/\/www.fine-europe.eu\/index.php?rest_route=\/wp\/v2\/types\/page"}],"author":[{"embeddable":true,"href":"https:\/\/www.fine-europe.eu\/index.php?rest_route=\/wp\/v2\/users\/2"}],"replies":[{"embeddable":true,"href":"https:\/\/www.fine-europe.eu\/index.php?rest_route=%2Fwp%2Fv2%2Fcomments&post=2385"}],"version-history":[{"count":3,"href":"https:\/\/www.fine-europe.eu\/index.php?rest_route=\/wp\/v2\/pages\/2385\/revisions"}],"predecessor-version":[{"id":2390,"href":"https:\/\/www.fine-europe.eu\/index.php?rest_route=\/wp\/v2\/pages\/2385\/revisions\/2390"}],"wp:attachment":[{"href":"https:\/\/www.fine-europe.eu\/index.php?rest_route=%2Fwp%2Fv2%2Fmedia&parent=2385"}],"curies":[{"name":"wp","href":"https:\/\/api.w.org\/{rel}","templated":true}]}}